e571c - -4?
6e5721
In base 12, what is -3699a + 3?
-36997
In base 14, what is 7 - -6ac2?
6ac9
In base 3, what is -11112212111 + -2?
-11112212120
In base 5, what is -2 + -10133124?
-10133131
In base 14, what is -1 + 730?
72d
In base 7, what is 13651 - -123?
14104
In base 11, what is 0 - -12722?
12722
In base 2, what is -1001010011100101 + 10010?
-1001010011010011
In base 3, what is -101111 + 21010?
-10101
In base 16, what is 245 - -81b?
a60
In base 14, what is 2 - 7019?
-7017
In base 14, what is 0 + -28799?
-28799
In base 15, what is -7 + b140?
b138
In base 13, what is -70 + -873?
-913
In base 14, what is -7 + -3737?
-3740
In base 8, what is 0 + 52271?
52271
In base 13, what is 1 + 16031?
16032
In base 12, what is -110 + 674?
564
In base 7, what is 12 + -56464?
-56452
In base 10, what is -37182 - -1?
-37181
In base 9, what is -54083 - 24?
-54117
In base 5, what is -11 + -34422201?
-34422212
In base 9, what is 8784 + -8?
8775
In base 4, what is 200211 - -2323?
203200
In base 8, what is -1061 - -125?
-734
In base 3, what is -1210211210111 - 12?
-1210211210200
In base 13, what is -37c + 3637?
3288
In base 7, what is 166 - 1153?
-654
In base 3, what is 1 - -212210000101?
212210000102
In base 5, what is -10 + 3222?
3212
In base 7, what is -40 - 10131?
-10201
In base 15, what is 220 + -5?
21a
In base 6, what is -34022 - 2133?
-40155
In base 5, what is 2 - 112033142?
-112033140
In base 9, what is -81 - 12483?
-12574
In base 11, what is 1 + 2719?
271a
In base 12, what is 5 - 88928?
-88923
In base 2, what is -1110010 - 1000010110?
-1010001000
In base 16, what is -1 - -f85?
f84
In base 9, what is 1146367 + 5?
1146373
In base 13, what is 237c6 - -a?
23803
In base 9, what is -117415 + -1?
-117416
In base 10, what is -18 - -10326?
10308
In base 5, what is -211 + 2111?
1400
In base 3, what is -22100120102 + 12?
-22100120020
In base 11, what is -2553 + -44?
-2597
In base 12, what is -3574 + -13?
-3587
In base 16, what is a3 + a?
ad
In base 2, what is -10001110011011001 - -110?
-10001110011010011
In base 11, what is -3a283 + -2?
-3a285
In base 2, what is 1011100101010000101 + -1?
1011100101010000100
In base 9, what is -81 + -1186?
-1277
In base 2, what is 1011101 - -110110000?
1000001101
In base 4, what is -122030 + 21012?
-101012
In base 8, what is 3 + 400076?
400101
In base 12, what is -5 - -1b8090?
1b8087
In base 9, what is -1 + -3771072?
-3771073
In base 14, what is 3772 - 1?
3771
In base 2, what is -10100110001001011001 + -10?
-10100110001001011011
In base 3, what is 1200 - -2001?
10201
In base 10, what is -326 - 7063?
-7389
In base 8, what is 421524 + -2?
421522
In base 12, what is 10 + 10a?
11a
In base 16, what is -1cc - -285a?
268e
In base 15, what is -203e + -26?
-2065
In base 16, what is 1 - fe6f8?
-fe6f7
In base 10, what is 491 + 15?
506
In base 3, what is 220121210 - 22?
220121111
In base 12, what is 0 + 375301?
375301
In base 6, what is 1 + -33340?
-33335
In base 14, what is 4 + -c0b6?
-c0b2
In base 8, what is -2 - 6013?
-6015
In base 3, what is -11 - 20001002?
-20001020
In base 13, what is 5a5 - -1?
5a6
In base 14, what is -3 + 60a0?
609b
In base 10, what is 10721 - 13?
10708
In base 12, what is 27 + -1919?
-18b2
In base 16, what is -117 - -16e?
57
In base 7, what is -3206 + 503?
-2403
In base 15, what is 721 + -10?
711
In base 3, what is 10 + 102010010?
102010020
In base 3, what is 11222210200 + -10?
11222210120
In base 4, what is -22222130 - -10?
-22222120
In base 2, what is -1110100010 + -100000011?
-10010100101
In base 15, what is 2a1 + -61?
240
In base 5, what is 43311 + 4?
43320
In base 16, what is 1575 + -1c?
1559
In base 12, what is 14ab63 - 1?
14ab62
In base 16, what is 344ed - 5?
344e8
In base 8, what is 11 + -15473?
-15462
In base 12, what is a5a - 16?
a44
In base 8, what is 123 - 55773?
-55650
In base 13, what is 48c0a - -2?
48c0c
In base 16, what is -7 - 4ae6?
-4aed
In base 8, what is 13215 - 13?
13202
In base 12, what is 1507a5 - -5?
1507aa
In base 14, what is 2 - -30814?
30816
In base 3, what is 111200002011 + 10?
111200002021
In base 6, what is 1 - -1434543?
1434544
In base 3, what is 11121212 + -2001221?
2112221
In base 13, what is 1943 - -33a?
1c80
In base 11, what is -322348 - -5?
-322343
In base 6, what is 1 + 31554?
31555
In base 10, what is 12 + 3895?
3907
In base 2, what is -111000100 + 1111?
-110110101
In base 10, what is 23 + 43550?
43573
In base 2, what is -1011000101000001010 + -100?
-1011000101000001110
In base 11, what is 1a5 - 3337?
-3142
In base 13, what is -b7 + -185c?
-1946
In base 7, what is 4250035 + 1?
4250036
In base 8, what is -270 - 620?
-1110
In base 15, what is 1566 - 7c?
14d9
In base 8, what is -54 + -170?
-244
In base 5, what is -4 + 223424?
223420
In base 15, what is -109beb - -2?
-109be9
In base 7, what is 3 - -52201?
52204
In base 10, what is 5 + -44646?
-44641
In base 11, what is -7527 - -173?
-7364
In base 14, what is -4 - -85cc?
85c8
In base 8, what is -127 + -41432?
-41561
In base 12, what is -5696 + 2?
-5694
In base 11, what is -5384935 + -5?
-538493a
In base 3, what is -1002021202 + 10?
-1002021122
In base 4, what is -30033 - -3202?
-20231
In base 5, what is -100 + -12?
-112
In base 9, what is 2 + 165244?
165246
In base 9, what is 1771 - 22?
1748
In base 11, what is 1a9969 + 5?
1a9973
In base 9, what is 3630 - 83?
3536
In base 14, what is -4799 + -5?
-47a0
In base 7, what is 1 - 13050?
-13046
In base 11, what is -446 + -6?
-451
In base 3, what is -2112120102 + 2?
-2112120100
In base 15, what is 3b - -1cc?
218
In base 12, what is 885 - -11?
896
In base 5, what is 2 + 112343?
112400
In base 16, what is 2879d - -1?
2879e
In base 14, what is 1302 + -7?
12d9
In base 2, what is -10001101010100 - -10?
-10001101010010
In base 14, what is -15b6 + 24?
-1592
In base 12, what is 232b + -101?
222a
In base 3, what is 111221221 - 212?
111221002
In base 10, what is -1 + -11447?
-11448
In base 9, what is 3 - 5241?
-5237
In base 12, what is 2 + -47b4?
-47b2
In base 16, what is 2 - 39d7?
-39d5
In base 15, what is -54 + 23d?
1d9
In base 7, what is -2042322 - -2?
-2042320
In base 2, what is 11 + -1000010001?
-1000001110
In base 7, what is 4 - 50021?
-50014
In base 2, what is 1110110001 + 1010?
1110111011
In base 8, what is 10014 + 41?
10055
In base 7, what is -1204350 + -2?
-1204352
In base 7, what is -64 - 2062?
-2156
In base 4, what is 100320 + 11032?
112012
In base 6, what is -24 + -405441?
-405505
In base 3, what is -1120110221 - 10?
-1120111001
In base 12, what is -116 + 721?
607
In base 7, what is -44 - 15016?
-15063
In base 16, what is -1a8 + d8?
-d0
In base 9, what is -265 + -12638?
-13014
In base 14, what is 1 + -6966?
-6965
In base 16, what is 3 - -b501?
b504
In base 4, what is -103300 - 12?
-103312
In base 6, what is 4 - -124352?
124400
In base 16, what is -4c28 + -d?
-4c35
In base 3, what is 222201221022 + 0?
222201221022
In base 7, what is -1366 - 66?
-1465
In base 2, what is -111 + 1101001011010100?
1101001011001101
In base 11, what is 48 - 497?
-44a
In base 15, what is 382 + -69?
318
In base 4, what is -321 + -10023?
-11010
In base 8, what is 5 + -502050?
-502043
In base 16, what is 2915f + 2?
29161
In base 8, what is 2 + -13456?
-13454
In base 6, what is -3233103 + 4?
-3233055
In base 5, what is 31241 - -4441?
41232
In base 8, what is 14010 - 41?
13747
In base 6, what is 23443232 + -2?
23443230
In base 2, what is -101 + 111000111111101?
111000111111000
In base 13, what is -ab80 + 9?
-ab74
In base 2, what is -100 - 1101101111100?
-1101110000000
In base 15, what is 112 + 7b?
18d
In base 6, what is 340352 - 1?
340351
In base 5, what is 1010 + 2022?
3032
In base 2, what is 10000 - 11110011010110?
-11110011000110
In base 10, what is -1162902 + 3?
-1162899
In base 11, what is 6a451 - 1?
6a450
In base 9, what is -5 + 483000?
482884
In base 10, what is -25 - -11705?
11680
In base 7, what is 31415035 - 5?
31415030
In base 15, what is -4 - -18d29?
18d25
In base 9, what is -12 + 33670?
33657
In base 14, what is -2d6 - -1b?
-2b9
In base 4, what is -30212 - 230211?
-321023
In base 9, what is -482808 + -2?
-482811
In base 4, what is 121200200 - -11?
121200211
In base 15, what is 2 - 419c?
-419a
In base 14, what is -21 - -28cc?
28ab
In base 16, what is 1 - 21aa?
-21a9
In base 13, what is 5 - -245596?
24559b
In